 2239714375?
3
What is the ten millions digit of 20792406?
2
What is the ten millions digit of 2964716970?
6
What is the hundred thousands digit of 641737202?
7
What is the thousands digit of 44709962?
9
What is the hundred millions digit of 167451383?
1
What is the ten millions digit of 229838602?
2
What is the tens digit of 1328533305?
0
What is the hundreds digit of 45654341?
3
What is the billions digit of 1642551084?
1
What is the ten thousands digit of 67373936?
7
What is the units digit of 31968547?
7
What is the ten millions digit of 1105231704?
0
What is the thousands digit of 2751305?
1
What is the units digit of 1813548211?
1
What is the billions digit of 2684787502?
2
What is the ten millions digit of 275638893?
7
What is the millions digit of 6746941511?
6
What is the millions digit of 1234745287?
4
What is the hundred thousands digit of 14606753?
6
What is the ten millions digit of 2412963100?
1
What is the hundred millions digit of 125876287?
1
What is the hundreds digit of 27086990?
9
What is the millions digit of 56527442?
6
What is the hundreds digit of 60955331?
3
What is the hundred thousands digit of 518662740?
6
What is the hundred millions digit of 3547721848?
5
What is the hundreds digit of 541795394?
3
What is the tens digit of 109840977?
7
What is the millions digit of 41816156?
1
What is the hundreds digit of 323874114?
1
What is the units digit of 1483347384?
4
What is the ten millions digit of 219750826?
1
What is the tens digit of 775485774?
7
What is the ten thousands digit of 11909737?
0
What is the billions digit of 4080598279?
4
What is the units digit of 21367791?
1
What is the hundred millions digit of 121846174?
1
What is the millions digit of 51738243?
1
What is the ten millions digit of 61930792?
6
What is the thousands digit of 5903424619?
4
What is the ten thousands digit of 49223784?
2
What is the thousands digit of 49740722?
0
What is the thousands digit of 1305659970?
9
What is the ten thousands digit of 313641317?
4
What is the hundred millions digit of 325590869?
3
What is the ten millions digit of 14971409?
1
What is the tens digit of 41294606?
0
What is the tens digit of 356544210?
1
What is the ten millions digit of 1736898728?
3
What is the millions digit of 55594071?
5
What is the tens digit of 75412163?
6
What is the millions digit of 368456880?
8
What is the hundred thousands digit of 248061978?
0
What is the units digit of 819592055?
5
What is the hundred millions digit of 1950805809?
9
What is the hundred thousands digit of 96145342?
1
What is the ten thousands digit of 9184523?
8
What is the units digit of 36630825?
5
What is the tens digit of 158302760?
6
What is the ten thousands digit of 96796081?
9
What is the hundreds digit of 18906397?
3
What is the hundred thousands digit of 95496758?
4
What is the ten thousands digit of 1302211584?
1
What is the hundreds digit of 1901752300?
3
What is the hundred thousands digit of 8759562?
7
What is the hundreds digit of 7990985?
9
What is the hundred thousands digit of 38527396?
5
What is the units digit of 83479279?
9
What is the millions digit of 347885454?
7
What is the ten thousands digit of 79983199?
8
What is the units digit of 47731388?
8
What is the hundreds digit of 356178757?
7
What is the tens digit of 39267396?
9
What is the hundred millions digit of 1675966996?
6
What is the ten millions digit of 154454635?
5
What is the hundred thousands digit of 104770048?
7
What is the tens digit of 46446433?
3
What is the tens digit of 119904462?
6
What is the billions digit of 2819761252?
2
What is the ten thousands digit of 33283500?
8
What is the hundreds digit of 75130655?
6
What is the hundred millions digit of 1253045411?
2
What is the hundred thousands digit of 86685036?
6
What is the tens digit of 400871158?
5
What is the units digit of 49585915?
5
What is the units digit of 18446575?
5
What is the millions digit of 18512766?
8
What is the ten millions digit of 23635852?
2
What is the hundred thousands digit of 926828071?
8
What is the billions digit of 2674910588?
2
What is the millions digit of 19584893?
9
What is the hundred thousands digit of 1037255372?
2
What is the ten thousands digit of 255796450?
9
What is the tens digit of 30397651?
5
What is the ten millions digit of 148768023?
4
What is the billions digit of 1817259229?
1
What is the ten millions digit of 191361205?
9
What is the ten millions digit of 667496639?
6
What is the millions digit of 1466239207?
6
What is the ten thousands digit of 192325963?
2
What is the millions digit of 118674446?
8
What is the units digit of 2035108589?
9
What is the hundreds digit of 939900983?
9
What is the units digit of 138746252?
2
What is the ten millions digit of 6409005613?
0
What is the tens digit of 61859037?
3
What is the hundred thousands digit of 3988311456?
3
What is the thousands digit of 370796266?
6
What is the ten thousands digit of 97390895?
9
What is the ten millions digit of 1891850341?
9
What is the hundred thousands digit of 408237298?
2
What is the units digit of 257018724?
4
What is the units digit of 1143403653?
3
What is the units digit of 15705175?
5
What is the units digit of 15161739?
9
What is the tens digit of 90666490?
9
What is the hundred thousands digit of 40749965?
7
What is the ten thousands digit of 83068291?
6
What is the ten thousands digit of 289252676?
5
What is the ten millions digit of 42590275?
4
What is the ten millions digit of 70562019?
7
What is the units digit of 3312383230?
0
What is the units digit of 64000239?
9
What is the millions digit of 1814134730?
4
What is the hundred thousands digit of 16231901?
2
What is the hundred thousands digit of 42045861?
0
What is the tens digit of 69092934?
3
What is the hundreds digit of 918878284?
2
What is the thousands digit of 630093943?
3
What is the millions digit of 281474248?
1
What is the units digit of 208381516?
6
What is the ten millions digit of 222684977?
2
What is the units digit of 37432595?
5
What is the thousands digit of 12750240?
0
What is the hundreds digit of 213149666?
6
What is the ten thousands digit of 1394744254?
4
What is the units digit of 58943000?
0
What is the hundred millions digit of 2069238024?
0
What is the ten millions digit of 6641236132?
4
What is the hundred millions digit of 525782915?
5
What is the hundred millions digit of 3417520162?
4
What is the thousands digit of 3628464271?
4
What is the tens digit of 745404478?
7
What is the ten millions digit of 939115990?
3
What is the tens digit of 486261180?
8
What is the ten millions digit of 249305883?
4
What is the thousands digit of 709969254?
9
What is the millions digit of 46840943?
6
What is the ten thousands digit of 200194812?
9
What is the tens digit of 57449318?
1
What is the tens digit of 47927124?
2
What is the hundred millions digit of 562358299?
5
What is the ten millions digit of 2517634703?
1
What is the ten thousands digit of 47964552?
6
What is the hundred thousands digit of 1168794575?
7
What is the units digit of 587469197?
7
What is the ten millions digit of 150395248?
5
What is the hundred thousands digit of 941176697?
1
What is the hundred thousands digit of 43352580?
3
What is the units digit of 889435565?
5
What is the tens digit of 679388998?
9
What is the units digit of 30426545?
5
What is the ten millions digit of 286011565?
8
What is the millions digit of 27405216?
7
What is the billions digit of 1849370745?
1
What is the ten millions digit of 1083505687?
8
What is the hundred thousands digit of 145823693?
8
What is the hundreds digit of 1084124016?
0
What is the tens digit of 2689704?
0
What is the millions digit of 102798770?
2
What is the hundred thousands digit of 497221467?
2
What is the hundreds digit of 197529498?
4
What is the units digit of 4024587176?
6
What is the ten millions digit of 3919833051?
1
What is the hundreds digit of 453958032?
0
What is the units digit of 861390722?
2
What is the millions digit of 55042282?
5
What is the ten thousands digit of 541582864?
8
What is the hundred millions digit of 4792503265?
7
What is the tens digit of 8957442508?
0
What is the thousands digit of 19273170?
3
What is the ten millions digit of 87170893?
8
What is the units digit of 502